or of 60713511?
False
Does 10 divide 32192326?
False
Is 43759312 a multiple of 5027?
False
Is 171178616 a multiple of 28?
True
Does 52 divide 79421992?
True
Is 18 a factor of 2603326940?
False
Is 1981 a factor of 283750692?
False
Is 6 a factor of 140048?
False
Is 437718113 a multiple of 778?
False
Is 5 a factor of 231645070?
True
Is 49 a factor of 322570755?
False
Is 180 a factor of 141790986?
False
Is 1255283216 a multiple of 85?
False
Is 31729600 a multiple of 197?
False
Does 8 divide 4647897?
False
Does 73 divide 52165873?
True
Does 217 divide 915244458?
False
Is 35711906 a multiple of 93?
False
Is 2197 a factor of 1092888862?
True
Is 1418 a factor of 74724346?
True
Does 5 divide 24933860?
True
Is 27 a factor of 65733693?
False
Does 171 divide 85077121?
False
Is 1370218080 a multiple of 40?
True
Does 2034 divide 18798228?
True
Is 385206227 a multiple of 412?
False
Is 1614381 a multiple of 66?
False
Is 1411 a factor of 7651409?
False
Is 14839 a factor of 1309571428?
True
Does 82 divide 416107524?
True
Is 13005619 a multiple of 649?
False
Is 301 a factor of 1887495052?
False
Is 105035162 a multiple of 461?
True
Does 123 divide 22723881?
True
Is 5634421 a multiple of 16?
False
Does 6 divide 113404739?
False
Does 4026 divide 72951120?
True
Is 881247192 a multiple of 3?
True
Is 446 a factor of 2150397920?
True
Does 20 divide 22410030?
False
Is 673159314 a multiple of 882?
False
Is 9403394 a multiple of 91?
True
Is 13 a factor of 128830117?
True
Is 71283399 a multiple of 329?
False
Is 2956 a factor of 70905572?
True
Does 6409 divide 42703167?
True
Does 1299 divide 3137213601?
True
Is 33 a factor of 18570288?
True
Is 48 a factor of 27388300?
False
Is 29 a factor of 44310173?
True
Does 99 divide 67643433?
True
Is 915 a factor of 83270206?
False
Is 4230 a factor of 829566450?
True
Is 126 a factor of 41161105?
False
Does 403 divide 76343898?
False
Is 247 a factor of 71700420?
False
Is 6000 a factor of 3674456609?
False
Does 2583 divide 7679191?
False
Is 21060316 a multiple of 110?
False
Does 3 divide 68182158?
True
Is 403269300 a multiple of 1197?
True
Is 2290596586 a multiple of 9?
False
Is 20 a factor of 2531700480?
True
Is 1953683605 a multiple of 11?
False
Does 243 divide 7940268?
True
Does 2050 divide 27861597?
False
Is 1704819347 a multiple of 387?
False
Is 74927856 a multiple of 43?
False
Does 637 divide 308909965?
True
Is 1030 a factor of 648768276?
False
Is 102403884 a multiple of 14?
False
Is 1778825204 a multiple of 172?
True
Is 96 a factor of 49988774?
False
Does 282 divide 55775408?
False
Is 362 a factor of 101890690?
False
Does 450 divide 84397339?
False
Is 3912676168 a multiple of 1459?
True
Is 160449271 a multiple of 447?
False
Is 783605360 a multiple of 2920?
True
Is 198 a factor of 166367520?
True
Is 805944876 a multiple of 1474?
True
Does 6288 divide 1603232496?
True
Does 26 divide 1374996223?
False
Does 451 divide 4928528?
True
Is 179994150 a multiple of 54?
True
Does 30 divide 20174894?
False
Is 60 a factor of 247063740?
True
Is 130473265 a multiple of 65?
True
Is 270201026 a multiple of 47?
True
Does 621 divide 99122738?
False
Does 110 divide 952664900?
True
Is 956173200 a multiple of 1502?
True
Does 22 divide 428413620?
False
Is 1773626892 a multiple of 116?
True
Does 1347 divide 2572770?
True
Does 1484 divide 2283775088?
True
Is 57454548 a multiple of 1177?
False
Is 1244 a factor of 66076304?
True
Does 275 divide 78739375?
True
Is 193731963 a multiple of 189?
False
Is 32 a factor of 955199480?
False
Is 1947795438 a multiple of 293?
True
Does 26 divide 36102454?
False
Is 9 a factor of 82561320?
True
Does 583 divide 40049185?
True
Is 2160 a factor of 1413408960?
True
Is 303 a factor of 48877839?
True
Is 957105560 a multiple of 174?
False
Is 10481284 a multiple of 144?
False
Is 118596554 a multiple of 2319?
False
Does 6 divide 25058262?
True
Does 650 divide 101485987?
False
Is 965 a factor of 142584431?
False
Is 742 a factor of 283583018?
False
Is 924 a factor of 189644418?
False
Is 664463377 a multiple of 12?
False
Is 1744836115 a multiple of 176?
False
Does 3255 divide 564781560?
True
Is 65700480 a multiple of 152?
True
Does 4 divide 3793696?
True
Does 325 divide 379363400?
True
Does 4 divide 2941405?
False
Does 935 divide 185542735?
False
Is 15895073 a multiple of 9?
False
Is 358186348 a multiple of 6747?
False
Is 1214816862 a multiple of 46?
False
Is 9 a factor of 289303419?
False
Is 7303037 a multiple of 80?
False
Is 5850391 a multiple of 16?
False
Does 130 divide 297350690?
True
Is 681 a factor of 3341085426?
True
Is 3777 a factor of 76456158?
False
Does 373 divide 46185233?
True
Is 49292545 a multiple of 505?
True
Is 33727660 a multiple of 1292?
True
Is 178 a factor of 2475529304?
True
Is 180 a factor of 300060360?
True
Is 67 a factor of 253055918?
True
Is 107976898 a multiple of 129?
False
Is 4088 a factor of 856812096?
True
Is 377390771 a multiple of 7?
False
Does 879 divide 16829334?
True
Is 25199188 a multiple of 14?
True
Is 33751460 a multiple of 305?
False
Does 6058 divide 682924398?
True
Is 44 a factor of 634729300?
False
Is 5136479 a multiple of 817?
True
Does 419 divide 208599988?
True
Does 947 divide 258173981?
True
Is 537 a factor of 2073744327?
False
Does 10 divide 53617089?
False
Is 93921270 a multiple of 30?
True
Is 963 a factor of 437603598?
False
Is 2467391695 a multiple of 23?
False
Is 25199102 a multiple of 91?
False
Does 409 divide 1795449567?
False
Does 3510 divide 502467030?
True
Is 29 a factor of 1011212368?
True
Does 153 divide 865718406?
False
Is 68559518 a multiple of 2186?
True
Does 73 divide 526776614?
True
Is 138 a factor of 19895187?
False
Does 3 divide 3074790?
True
Does 6 divide 2203060?
False
Is 427 a factor of 3575607321?
False
Is 182738091 a multiple of 310?
False
Is 29839080 a multiple of 337?
False
Is 56 a factor of 38863557?
False
Does 60 divide 2293554420?
True
Does 214 divide 71230904?
False
Does 16 divide 968973943?
False
Is 44581759 a multiple of 1184?
False
Does 371 divide 258876500?
False
Does 1936 divide 61115648?
True
Does 1353 divide 5436268?
False
Is 258 a factor of 90711510?
True
Is 350 a factor of 21799050?
True
Is 11 a factor of 855448462?
True
Does 11845 divide 269075762?
False
Does 138 divide 1384448144?
False
Is 253 a factor of 745632448?
False
Is 2253 a factor of 26981952?
False
Is 2985445675 a multiple of 25?
True
Is 108187284 a multiple of 58?
True
Is 1937831200 a multiple of 20?
True
Does 899 divide 65571567?
False
Is 2785 a factor of 3224317040?
True
Does 3095 divide 307885864?
False
Does 34 divide 446496874?
True
Does 133 divide 457012738?
True
Is 326 a factor of 12932746?
True
Does 30 divide 12077062?
False
Does 450 divide 316746049?
False
Does 25 divide 24230954?
False
Is 16936045 a multiple of 24?
False
Is 159692155 a multiple of 513?
False
Does 2283 divide 257001876?
True
Does 1294 divide 383595948?
True
Does 216 divide 5218344?
True
Is 120 a factor of 216524157?
False
Is 36493006 a multiple of 158?
False
Does 7 divide 10017063?
True
Is 2506 a factor of 3099453378?
True
Is 36311013 a multiple of 5?
False
Is 3814 a factor of 2476384432?
True
Is 249772495 a multiple of 101?
True
Is 13 a factor of 6201585?
True
Does 10 divide 822820?
True
Is 41 a factor of 113164428?
True
Is 167 a factor of 330996883?
False
Is 683 a factor of 375988768?
True
Is 172 a factor of 5040468944?
True
Does 38 divide 1752230718?
False
Does 809 divide 7569282?
False
Is 162362124 a multiple of 863?
False
Is 33 a factor of 3686722083?
True
Does 157 divide 2172252?
True
Is 3 a factor of 2338243?
False
Does 13 divide 133220115?
False
Is 18 a factor of 1764392082?
False
Is 774 a factor of 122168252?
False
Does 532 divide 31343312?
True
Is 198364667 a multiple of 1811?
False
Is 118984627 a multiple of 66?
False
Is 8949045 a multiple of 3?
True
Is 543 a factor of 182194067?
False
Does 62 divide 3356270614?
True
Is 407468714 a multiple of 72?
False
Does 734 divide 288374690?
False
Is 141426061 a multiple of 31?
True
Does 540 divide 55544607?
False
Is 320 a factor of 11664640?
True
Does 458 divide 83287004?
False
Does 3590 divide 27904897?
False
Is 1887 a factor of 14648781?
True
Does 1980 divide 1404869544?
False
Is 1537720967 a multiple of 4525?
False
Is 67 a factor of 1631782119?
True
Is 868